 v(x) = 7*x**3 - 25*x**2 - 3*x - 53. Let m(l) = -6*k(l) + 17*v(l). Calculate m(24).
-1
Let y(d) = 15*d**2 + 7*d + 36. Let t(o) = 13*o**2 + 7*o + 35. Let u(m) = 7*t(m) - 6*y(m). Determine u(-5).
19
Let d(h) be the first derivative of 2*h**3/3 + h**2/2 - 10*h + 3410. Give d(-3).
5
Let p(s) = -10*s - s**2 + 2*s**2 - 42 + 78 - 34 - 21. Determine p(14).
37
Let h(y) = -y**2 + 4*y - 6. Suppose -7*t + 10 = -172. Let i be 14/91 - 4/t. What is h(i)?
-6
Let u(m) = m**3 + 4*m**2 + m - 1. Let b = 203 + -257. Let h = b + 51. Give u(h).
5
Suppose 0*k - 2*k = 4*o - 4, 2*k = -2*o - 2. Let x(d) = -d**3 - 5*d**2 - 5*d - 1. Let f be x(k). Let q(h) = 39 + h**3 + 4*h**2 - f*h - 20 - 17. Calculate q(-4).
14
Let t(n) be the third derivative of -n**5/60 - n**4/2 + 7*n**3/3 + 7*n**2 + 39*n. Calculate t(-15).
-31
Suppose 0*g + 3*g - 27 = -3*c, g = 5. Suppose 392 = c*d + 4*v, -3*v + 10 = -5*v. Let t(x) = x**2 - 1 + x**3 + 2*x**3 + d*x - 103*x. Determine t(1).
3
Let z(u) = u**3 + 19*u**2 - 3*u - 43. Suppose 2*t - 3*f + 29 = 0, -72 = -4157*t + 4160*t + 5*f. Calculate z(t).
14
Let p = 500 + -501. Suppose 3*n - n = 4. Let z(u) = 2*u**2 - 4*u**n + 0 + 1. Calculate z(p).
-1
Let o(z) = z**3 - 8*z**2 + 9*z + 14. Let d be 5 + ((-14)/(-10) - (-6)/(-15)). Let b be o(d). Let g(h) = h**3 + 4*h**2 - 2*h + 2. Determine g(b).
10
Let l = -201 - -221. Let j(i) = i**2 - 8 - l*i - 16*i + 45*i - 13*i. What is j(6)?
4
Let z(d) = 5*d**2 - 2*d - 1. Let p(c) = 33*c**2 + 79*c - 3. Let o(b) = p(b) - 5*z(b). Determine o(-11).
-9
Let y = 147 + -150. Let u(f) = 11*f**2 + 14*f - 4. Let k(m) = -4*m**2 - 5*m + 1. Let a(s) = -8*k(s) - 3*u(s). Give a(y).
1
Let p(k) = k**3 - 59*k**2 - 245*k - 443. Let i be p(63). Let m(l) = 15*l**2 - 9. What is m(i)?
51
Let g(y) = 68*y - 466. Let d = 6469 + -6462. Give g(d).
10
Let b(v) = -v**3 + 12*v**2 - 8*v - 20. Let t = -2733 + 2744. Calculate b(t).
13
Let t(g) = -g**2 + 3*g + 13. Let k(l) = -3*l**2 + 8*l + 38. Let s(m) = -6*k(m) + 17*t(m). Suppose 25*y = 15987 - 37. Let v = -643 + y. What is s(v)?
3
Let v be 0 - (48 - -1)/7. Let q(u) = 5*u**3 + 35*u**2 + 5*u + 16. Let w(j) = j**3 + 7*j**2 + j + 3. Let r(m) = 2*q(m) - 11*w(m). Determine r(v).
6
Let i(t) = -t - t**2 + 1 - 2*t + 8*t + 2*t + 1. Suppose 0 = -8*a + 10*a - 8. Determine i(a).
14
Let g(p) = 4*p + 38. Let u be g(-9). Let y(x) = -3*x**2 - 14 + 3*x + 16 - u. What is y(2)?
-6
Let u(r) = r - 3. Suppose -2*o + 560 = 4*t + 104, 3*o + 5*t = 687. Let p = o - 227. Give u(p).
4
Let s be 21/(-105)*(-9 - 1). Suppose -u = 3*w - 10, w = -s*u + 6 - 1. Suppose 3 = -y - w*k, 3*y + 2*k - 27 = 5*k. Let l(q) = q**2 - 9*q + 7. Calculate l(y).
-11
Let c(y) = -6*y**3 + 7*y + 6. Let u(z) = -2*z**3 + 25*z**2 + 137*z - 1613. Let s be u(13). Calculate c(s).
5
Let h(b) = -104 + 11*b - 172 - 266 + 140 - 23. Calculate h(38).
-7
Let t(d) = d**2 + 9*d - 1. Let o = -18642 + 18632. What is t(o)?
9
Let j(h) = 2*h - 4*h + 1 + h**2 - 2*h. Let m = 126 - 102. Suppose -3*r - m = -11*r. Determine j(r).
-2
Let w(t) = -t - 1. Let n = -340 - -341. Let h(x) = x**2 + 7*x + 6. Let g(s) = n*h(s) + w(s). Give g(-2).
-3
Suppose 0*q = -7*q + 196. Let r = 28 - q. Let s(c) = 3*c**2 + 25*c + 23. Let j(h) = -h**2 - 9*h - 8. Let y(t) = 11*j(t) + 4*s(t). Calculate y(r).
4
Suppose f = -2*n + 2 + 7, n - 12 = 2*f. Suppose n + 6 = -2*j. Let z(b) be the second derivative of b**4/12 + b**3 - 3*b**2 + 1283608*b. Give z(j).
-6
Let i be (-10)/15 + 6 + (-90)/20. Let u(g) be the second derivative of -1/12*g**4 + 23*g + 0 - 1/2*g**2 + i*g**3. Determine u(3).
5
Let s(h) = 6*h**3 - h**2 + 2. Let c be s(-1). Let o be 1*c - (4 - 6). Let d(t) = -t**3 - 2*t**2 - 10. Give d(o).
-1
Let l(n) be the first derivative of 3*n**2 - 3*n + 1215. What is l(7)?
39
Suppose -z + 4 = 0, 2*q = -4*z + 1 + 9. Let p(h) be the second derivative of 17*h + 0*h**2 - 1/4*h**4 + 1/3*h**3 - 1/10*h**5 - 1. Calculate p(q).
21
Let a(w) = 3*w - 15. Let r be a(7). Let x(h) = -r + h**2 + 4 - 1. Let y(j) = 18*j - 159. Let l be y(9). What is x(l)?
6
Let k(f) = -f**2 + 4*f + 4. Let w be 9/63 - 138/(-14). Suppose -w*i - 5*i = -120. Give k(i).
-28
Let u(l) be the second derivative of -l**3/6 + 2*l**2 + 1328*l. Calculate u(9).
-5
Let b(p) = 2*p**2 - 4*p + 5. Let k(u) = -6*u + 37. Let c be k(6). Let z be b(c). Let y(a) = -a**2 + 4. Determine y(z).
-5
Let n(t) = 3*t**3 + 8*t**2 + 10*t + 21. Let g(k) = k**3 + k. Let j(b) = 4*g(b) - n(b). Suppose 0 = -24*d + 19*d + 45. What is j(d)?
6
Let g = 2892 + -8675/3. Let s(i) be the second derivative of -15*i + g*i**3 + 5/2*i**2 + 0. Give s(-7).
-9
Let d be (24/(-4))/(0 + -3). Let u(a) = -32*a + 10*a - a**d - a**3 + 22*a + 12. Let n be (2 + -2)/(2/2). Determine u(n).
12
Let g(n) = -6*n**2 - 4*n. Let t(b) = 23*b**2 + 17*b. Let f(j) = -24*j**2 - 18*j. Let l(r) = 6*f(r) + 7*t(r). Let m(o) = 11*g(o) + 4*l(o). Determine m(3).
18
Let t(z) = z + 13. Suppose 0 = -4*n - 2*n. Suppose -3*h + 0*u - 5*u = 5, n = -3*h + 4*u - 23. Let x = h - 1. Determine t(x).
7
Let d(m) be the second derivative of 0 + 5*m**2 + 2*m**3 - 42*m - 1/12*m**4. Let c(g) = 2*g + 1. Let y(j) = 3*c(j) - d(j). Calculate y(6).
-7
Suppose -n = 4*v + 42, -4*v - 2*n - 59 = -11. Let l(p) = 3*p**2 + 31*p - 11. Let g(d) = d - 1. Let q(s) = 5*g(s) - l(s). Determine q(v).
-3
Let i(l) = -5 + 1 + 0 - l. Suppose 3*d + 5*b = -84 + 77, -d = 4*b - 7. Let j be ((-42)/d + -5)*18. Give i(j).
2
Let q(w) = -72*w**3 + 78*w**2 - 31*w - 47. Let l(r) = -14*r**3 + 15*r**2 - 6*r - 9. Let p(v) = 31*l(v) - 6*q(v). What is p(0)?
3
Let g(x) = -13*x**2 - 269 + 107 - 2*x + 162 + 45*x**2. Give g(1).
30
Let b = -667 + 652. Let l(n) = -n**3 - 14*n**2 + 15*n + 4. Calculate l(b).
4
Let l = -17617 + 17610. Let p(m) = -4*m + 33. Give p(l).
61
Let t(q) = -q**2 + 3*q - 2. Let d(z) = 7*z**2 + 55*z + 45. Let l(h) = d(h) + 4*t(h). Determine l(-22).
15
Let p(o) = 4*o - 9*o**2 + 0*o - o. Suppose -70*w = 3250 - 3390. Give p(w).
-30
Let a(p) = 0*p - 2*p**3 + 8*p + 3*p**3 - 6 + 9*p**2 + 17. Let b(l) = -l**2 + 29*l - 106. Let m be b(24). Let g(j) = j**2 - 12*j - 36. Let z be g(m). Give a(z).
11
Suppose 2*o = 3*u - 24, -23*u + o - 8 = -24*u. Let h(i) = -i**2 + 63. Give h(u).
-1
Let k(u) = 6*u**3 - 2*u**2 + u. Let v be k(1). Suppose -7*s + 6*s = v*a - 9, -5*s + 4*a - 71 = 0. Let d(c) = -c**2 - 11*c + 6. Calculate d(s).
6
Let t be 1350/324 - 1/6. Let d(k) = t*k - 22*k**3 - 3*k - 8*k**2 - 5*k + 23*k**3. Calculate d(8).
-32
Let d(l) = 27*l + 38. Let q(r) = 15*r + 21. Let o(f) = 6*d(f) - 11*q(f). Let u = 9 + -6. Suppose -u*m + 5 = 17. What is o(m)?
9
Let j be (53/7)/1 + (-24)/42. Suppose -4*p + 2 = -5*d, 2*d - 5*p + 6*p = j. Let s(z) = 7*z - 10. Let x be s(d). Let l(v) = -v + 5. Give l(x).
1
Suppose 290 = -84*u - 130. Let b(w) = -w**3 - 10*w**2 - 6*w - 1. Let o(j) = 3*j**3 + 29*j**2 + 18*j + 4. Let a(f) = -11*b(f) - 4*o(f). What is a(u)?
0
Let l(c) be the third derivative of c**6/120 + c**5/30 - c**4/3 + 7*c**3/6 - 1435*c**2. Determine l(2).
7
Let h(f) be the second derivative of -f**4/12 + f**3 - 3*f**2/2 - 66*f. Let k = -4 - -16. Suppose -4*w + k = -2*w. Calculate h(w).
-3
Suppose 11*j + 72 = 3*j. Let m(h) be the second derivative of -h**4/12 - 11*h**3/6 - 6*h**2 + 53*h. What is m(j)?
6
Let q(f) = -f**2 - 3*f + 4. Let i(o) = -8*o**2 - 8*o + 2*o + 10*o + 9*o**2 - 2. Let k(d) = -3*i(d) - 2*q(d). Calculate k(-3).
7
Let f(u) be the second derivative of u**3 - u**2 + 2739*u. Suppose 4 = c - 4*z + 9, 3*c + z - 11 = 0. Calculate f(c).
16
Let u(a) = a**3 - 5*a**2 - 17*a + 16. Suppose 674*t - 656*t - 126 = 0. Give u(t).
-5
Let x(r) = 4*r + 7. Let f be x(-2). Let v be -12 + 10 - (f - 3). Let l(j) = 5*j**2 - 3*j**2 - 2*j**2 + j**2 - v - j. Give l(0).
-2
Let i be ((-2)/(-3))/(1 - (-15)/(-18)). Let p be (10/i)/(3*(-6)/36). Let v(f) = -3*f - 5. What is v(p)?
10
Let o = 51 + -191. Let z = 139 + o. Let g(m) = -25*m**3 - 5*m**2 + 2*m + 2. Let d(r) = -13*r**3 - 3*r**2 + r + 1. Let n(k) = 5*d(k) - 3*g(k). Determine n(z).
-10
Let t(o) = -22*o**2 - 26*o - 11. Let d(i) = 10*i**2 + i - 1. Let k(m) = -2*d(m) - t(m). What is k(-11)?
-9
Let g(y) = 6*y**2 - 9*y**2 - 2*y**2 + 297 - 58*y + 6*y**2 - 904. Let q be g(67). Let s(c) = 5*c + 3. Let p(a) = 5*a + 3. Let x(z) = -3*p(z) + 2*s(z). Give x(q).
17
Let w(r) = -r**3 - 5*r**2 + 4*r + 4. Let j(c) be the second derivative of c**5/20 + c**4/4 - 7*c**3/6 -